**2 + 5*o**3 - 2*o - 6*o**3 + 3. What is c(t)?
2
Let u(b) be the second derivative of -3*b**5/4 + b**3/6 - b**2/2 + 2*b. Determine u(1).
-15
Let y be (-1 + 2)*(0 + 1). Suppose -4*n = g + 10, -2*n = 4*g + y - 3. Let b(q) = q**2 + 2*q + 3. What is b(n)?
6
Let h(z) = z - 6. Suppose -3*l = -2*l - 5. Suppose l*n + 8 = 23. Let o = 2 + n. What is h(o)?
-1
Let j(t) = 2 - 3 - 16*t + 17*t. Calculate j(0).
-1
Let s(r) be the third derivative of r**6/120 + r**3/3 + 3*r**2. Give s(-2).
-6
Let h(f) = -f - 4 + 7 - 4*f + 1. Determine h(3).
-11
Let l(t) = -t**3 - 9*t**2 - t - 7. Let k be l(-9). Let o(f) = -2*f - 1. Calculate o(k).
-5
Let c(p) be the first derivative of 2*p**3/3 - 7*p**2/2 + p - 23. Calculate c(5).
16
Let f(r) = 2*r**2 + 6*r + 2. Let a(m) = 2*m**2 - 5*m - 3. Let c(x) = -x**2 + 2*x + 1. Let b(l) = -2*a(l) - 5*c(l). Let h(t) = 3*b(t) - f(t). What is h(5)?
-4
Let b(c) = c**3 + 3*c**2 - 8 - 2*c**2 + 0*c**2 - c. Suppose -3 = -2*m + 5. Suppose -4*j = 2*s - 0*s, m*s = -5*j. Calculate b(s).
-8
Let f(i) = -12*i**3 + i + 1. Suppose -4*q = -3*q - 2. Suppose 2*l = -3*t - 5, -5*l - 3*t + 6*t - q = 0. What is f(l)?
12
Suppose 5 = -3*k - i + 23, 3*k = -4*i + 18. Let o(s) = -2*s - 2. Calculate o(k).
-14
Let w(d) be the third derivative of 0*d - 7*d**2 + 7/6*d**3 + 1/4*d**4 + 0 - 1/60*d**5. Calculate w(6).
7
Let f(s) = -3*s**2 - 5*s + 2. Let u(h) = 4*h**2 + 5*h - 2. Let m(z) = -3*f(z) - 2*u(z). What is m(-4)?
-6
Let o(d) be the second derivative of d**4/12 + 7*d**3/6 + 3*d**2/2 - 26*d. Give o(-5).
-7
Suppose -1 = 5*w - 21. Let q(s) = -s + 0*s - 3*s - s + s**2. What is q(w)?
-4
Let w(k) = -3*k + 1. Suppose -10 = -0*z - z. Let i(t) = -38*t + 26. Let q(b) = 13*b - 9. Let c(v) = 6*i(v) + 17*q(v). Let m(u) = z*w(u) - 4*c(u). Give m(-5).
8
Let c = 14 + -10. Let f(i) = c*i + 3 + 4*i - 2*i - 2*i**2 - 4*i. Suppose 4*r + 3*q - 4 = 0, 2*r - 2*q + 9 + 3 = 0. Give f(r).
-9
Let q be ((-6)/(-18))/((-2)/(-12)). Suppose q*h = 6*h + 4. Let f(z) = 2*z + 1 - z**3 + 0*z**3 + 3*z**3. Give f(h).
-3
Let w(q) = -q**3 + q**2 + 10 - 4*q + 16*q - 11*q. Give w(0).
10
Let m(p) be the third derivative of 0 + 1/12*p**4 + 1/6*p**3 + 0*p + 1/60*p**5 + 3*p**2. Calculate m(-2).
1
Let g(i) = i + 6*i - 9 - 4*i. What is g(6)?
9
Let w(u) be the second derivative of u**5/20 + u**4/2 - u**3/6 + 16*u. Calculate w(-6).
6
Let i(m) = m - 2. Suppose 2*g - 5*c - 75 = 0, 10 = -4*g + 4*c + 142. Suppose -2*d + g = -7*d. Determine i(d).
-8
Let h be (2 + 1)*(1 + 0). Let z(x) = 6 - h*x - 4 + 4*x + 1. Let k(o) = o**2 - 4*o + 3. Let r be k(3). Calculate z(r).
3
Let w(h) = 0 - 1 + h - 2 + 5*h - h**2. Give w(2).
5
Suppose 2*a = 2*g, -5*a - 8 = 5*g + 2. Let l(c) = 3*c**3 - 2*c - 1. Give l(a).
-2
Suppose 3 = q + 1. Let h = 0 + q. Let c(z) = z**h + 2*z + z + 0*z - 4. Determine c(-5).
6
Let z(t) = -t + 6. Suppose -2*k + 3*l - 4 = 0, 3*k - 3*l + l = -11. Determine z(k).
11
Let n(g) = -4*g - 1. Let c = -33 - -31. Give n(c).
7
Let n(s) = -s**2 - 4*s - 4. Let q be -1*((0 - 0) + 2). Let m(r) = -r**2 - 3*r - 3. Let f be 6/(-3) + (-10)/(-2). Let a(k) = f*m(k) + q*n(k). Determine a(-1).
-1
Suppose 0*w + 5*t - 20 = -5*w, 6 = 5*w - 2*t. Let c be 4/(4 - w) + -4. Let r(d) = 2*d**2 + d + 1. What is r(c)?
7
Let s(n) be the second derivative of n**3 + 1/24*n**4 + 0 + 3/2*n**2 + 2*n. Let u(y) be the first derivative of s(y). Calculate u(-5).
1
Let n(k) = -k**2 - 2*k - 1. Let u(w) = 9*w - 7. Let m(d) = -n(d) - u(d). Suppose 4*h + 41 = 5*p + 11, -3*h - 30 = -5*p. Determine m(p).
2
Let k(z) be the second derivative of -z**3/6 + 3*z**2/2 + z. Suppose 0*s - s = 26. Let n be 2/10 + s/5. Give k(n).
8
Let z(i) = 8*i**2 - 14*i + 11. Let q(a) = 3*a**2 - 4*a**2 - 5*a + a**2 + 4 + 3*a**2. Let h(x) = 11*q(x) - 4*z(x). Calculate h(-3).
6
Suppose p = 1 - 0. Let n(a) = 3 - 4 + 4*a + p. Determine n(1).
4
Let r be (-2)/(3 - (-51)/(-18)). Let q = -7 - r. Let l(v) = v**2 - 6*v - 1. Give l(q).
-6
Let v(b) = -2 + 0*b + b + b. Let t = 93 + -90. Determine v(t).
4
Let v(y) be the third derivative of y**4/24 + 5*y**3/6 - 5*y**2. Determine v(0).
5
Suppose 4*z + 5*a - 2*a + 8 = 0, -4*z = -5*a - 24. Let h = 1 + z. Let c(i) = 2*i**3 - 120*i + 116*i - 2*i**3 + 2*i**2 + 3 - i**3. Give c(h).
-5
Let w(l) = -l**3 - 5*l**2 - 3*l. Let r be (-16)/20 + 32/(-10). Give w(r).
-4
Let x = 8 + -4. Let t(d) = -d + 4 + 8*d**2 - d**3 - 2*d - x*d. Let s be t(7). Let n(k) = -k + 3. Determine n(s).
-1
Let j = 1 - 5. Let y(k) = 0 - k**2 + 0 - 1 - 5*k. Calculate y(j).
3
Let r(g) = -6*g - 2. Let s(z) = -18*z - 6. Let p(q) = -10*r(q) + 3*s(q). What is p(-2)?
-10
Let n(g) be the first derivative of -g**5/60 + g**4/6 - g**3 - g**2 + 1. Let a(i) be the second derivative of n(i). Let c be (8/(-4))/((-1)/2). Calculate a(c).
-6
Let m(u) be the first derivative of -u**4/4 - u**3 - 3*u**2/2 - 4*u - 9. Calculate m(-3).
5
Let l be ((-28)/10 + 4)/((-1)/5). Let d(m) = m + 2. What is d(l)?
-4
Let j(u) = -3*u + 4. Suppose -4*r = -50 + 26. Determine j(r).
-14
Let k(o) = -o**2 + 6*o - 4. Let f be 3/(-6)*2 - 2. Let m be -1 - ((-2 - f) + -5). Determine k(m).
5
Let s(h) be the third derivative of -h**6/120 + h**5/12 - h**4/4 + h**3/6 - 17*h**2. Give s(4).
-7
Let y(k) = -3*k - 15. Let v(x) = 5*x + 23. Let d(p) = 5*v(p) + 8*y(p). Let i be d(6). Let u(w) = 0 + 0 + w + i. Give u(2).
3
Let m(w) = -2 + 0*w - 3*w + 3. Let l = 74 - 72. Determine m(l).
-5
Let d = 11 + -11. Let v(j) = 0 - j**2 + d*j**2 + 1 + 1. Calculate v(-2).
-2
Let z be (1/3)/((-6)/(-36)). Let l be (0 - 5)*z/2. Let y(t) be the third derivative of t**6/120 + t**5/12 - t**4/24 - t**3 + t**2. Give y(l).
-1
Let k(u) = 3*u**2 - 15*u - 6. Let d(x) = -2*x**2 + 8*x + 3. Let y(l) = 5*d(l) + 3*k(l). Let q be y(-5). Let i(v) = -v**2 - 2*v. Calculate i(q).
-3
Suppose 0*g = 4*g - 152. Suppose 0 = t - 3*t + 5*m + 42, -2*t = -4*m - g. Let n(y) = y**3 - 2*y - t*y**2 - 2*y + 12*y**2. Give n(-3).
-6
Let i(z) = 1. Let x(p) = 3*p. Let b(j) = 3*i(j) + x(j). Let r be 2 + 2*-2 - 0. Calculate b(r).
-3
Let g(w) = -w**3 + 3*w**2 - 2*w + 4. Let o(s) = -s**3 + 4*s**2 - 2*s + 5. Let c(j) = 2*g(j) - 3*o(j). What is c(6)?
5
Let b(d) = -3*d**3 + 2*d**2 + 1. Suppose 2*l + 6 = 5*v - 0, 2 = -4*v + 5*l. Calculate b(v).
-15
Suppose -2*k + 2 = -2*f, 2*k = 4 - 8. Let h(o) = o**2 - 3*o + 2. Let s be h(3). Let w(l) = 1 + 4*l + 4 - 3 - s*l. Determine w(f).
-4
Let f(b) be the second derivative of b**5/20 - 5*b**4/12 - 2*b**3/3 + 2*b**2 - 7*b. Determine f(6).
16
Let s(v) = v**3 + 4 - v**2 - 5 - 2*v - v**2. Let a be (-2)/(-8) - 34/8. Let f = a + 6. Determine s(f).
-5
Suppose -28 = 3*i - 40. Let p(z) = z**3 - 4*z**2 - 2*z + 6. Give p(i).
-2
Suppose -3*h = -8*h + 15. Let r(p) = p**2 - 6*p + 4. What is r(h)?
-5
Let u(t) = t + 4. Suppose -h = -2*h + g, 0 = -4*h + g. Give u(h).
4
Let s(r) be the third derivative of r**4/24 + 3*r**3/2 + 9*r**2. Give s(-5).
4
Suppose -d + 13 + 2 = 0. Let q = d - 22. Let i(u) = -u**2 - 8*u - 3. Determine i(q).
4
Let k = 3 + -3. Let l be 6 - 4/(2 - k). Suppose g = -l*g - 5. Let b(i) = 6*i**3 + i**2 + 2*i + 1. Determine b(g).
-6
Let a(i) be the first derivative of 2*i**2 - 3*i + 4. Let f(v) = -v - 1. Let c(h) = a(h) + 5*f(h). What is c(-4)?
-4
Let t be (80/100)/(4/(-10)). Let j(y) = -y**3 + y**2 + y - 2. What is j(t)?
8
Let j(x) = 4*x**3 + 2*x - 1. Let d be j(1). Let t(w) = -d*w + 2*w + 4*w. Determine t(2).
2
Let q(u) = u**2 + 7*u + 3. Let d(v) = -5*v**2 - 28*v - 14. Let y(k) = -2*d(k) - 9*q(k). Calculate y(7).
1
Let k(f) = f - 7. Let t(m) = -2*m + 13. Let l(v) = 5*k(v) + 3*t(v). Determine l(2).
2
Let r(a) = -a. Let f(y) = 4*y. Suppose -16 = -4*k, 2*c = -0*c + 4*k - 64. Let s(q) = c*r(q) - 5*f(q). Suppose -3*m + 3 = -0. Calculate s(m).
4
Let u(b) = -3*b**2 + b + 3. Let r(q) = -2*q**2 + 2. Let y(n) = 5*r(n) - 3*u(n). Calculate y(-3).
1
Let t(w) = w**2 - 4*w - 5. Let s(h) = -h**2 + 5*h + 4. Suppose x - 3 + 0 = 0. Let n(u) = x*s(u) + 4*t(u). Suppose 0 = -2*g + 4*g. Calculate n(g).
-8
Suppose 0 = 2*r - 2. Let v(h) = 4*h - 1. Let t be v(r). Let n(l) = -3*l**2 - l**t + l - 9*l + 6*l - 1. Determine n(-2).
-1
Let z(l) be the first derivative of l**2/2 + 3*l - 11. Calculate z(-3).
0
Let h(m) = -m**3 + 5*m**2 + 8*m - 7. Suppose -2*k + 4 + 0 = 0. Let y = k - -4. Calculate h(y).
5
Let d(x) = -3 + 5*x**2 - 3*x**2 + 3*x**2 + 2*x + x**3. Calculate d(-3).
9
Suppose -2*v + 0*v + 4 =